 Let o = f - -35. What is the units digit of o?
6
Let h(v) = -2*v**2 - 9*v - 17. Let q be h(-7). Let x = 105 + q. What is the tens digit of x?
5
Suppose -2*j - 28 = -6*j. Let s = 12 - j. Suppose -5*i = -s*a + 50, 5*a - i = 2*a + 38. What is the units digit of a?
4
Suppose -4*q - q + 5 = 0, 13 = -2*g + q. Let d = -56 + 39. What is the units digit of d/(-2) - (-3)/g?
8
Let i be (-15)/27*-3 + 3/9. What is the units digit of (-2)/6 + (-301)/(-3) + i?
2
Suppose -3*v + 4 = -11. Let z(u) = -19*u - 1 - u**2 + 4 + v*u. What is the tens digit of z(-13)?
1
Suppose 0 = -6*w + 10*w - 16. Suppose -z - 47 = -5*p + 177, -4*p = w*z - 184. What is the units digit of p?
5
Let x(t) = 204*t - 84. What is the units digit of x(4)?
2
Let o = 18 + -20. Suppose -5*k + 0*z = 2*z + 196, -5*k + 2*z = 204. What is the units digit of (k + 2)*1/o?
9
Let a be 0/(5 - 3) + -5. Suppose 2*l + y = 4*l + 23, 4*l + 41 = -3*y. Let g = a - l. What is the units digit of g?
6
Suppose -2*n - n = -54. Suppose -2*k = -n + 4. What is the tens digit of (-4)/(k/(-3) - -2)?
1
Let s be 4/6 + 4/3. Suppose -s*b - 8 = -4*b. What is the tens digit of (-6)/b*434/(-21)?
3
Let h be (-18)/(-8) + (-5)/20. Suppose h*c + 4 = 4*c. Suppose 5*w - 176 = -3*r, -c*r = -r + 3*w - 64. What is the units digit of r?
2
Suppose 0 = -8*c + 4169 + 3935. What is the tens digit of c?
1
Suppose 0 = 8*d + 2*d - 7990. What is the tens digit of d?
9
What is the units digit of 36159/68 - (-2)/8?
2
Let r = -1 + 59. Suppose r = 5*q + 4*n, 3*q - n = q + 18. What is the units digit of (-8)/q - (-495)/25?
9
Suppose 4*k + 206 = -2*a, 2*a - k + 60 = -121. What is the tens digit of a*(2 + 0)/(-6)?
3
Suppose 39 = l + 2*r, -3*r + 57 = l - 7*r. Suppose 0 = 14*v + l - 395. What is the units digit of v?
5
Let f(m) = -17*m + 7. Let v be f(5). Let b = v - -308. What is the tens digit of b?
3
Let y(n) = 26*n + 52. Suppose 0 = -3*t + 5*t - 16. What is the hundreds digit of y(t)?
2
Suppose 5 = -16*v + 11*v. Let g be (v/(-3))/(17/255). Suppose g*x + 2*o = 270, 15 = o - 4*o. What is the tens digit of x?
5
What is the units digit of (9 - 10 - -335)/1?
4
Let a(w) = 447*w**2 - 32*w + 31. What is the tens digit of a(1)?
4
Let k = -10 + 14. Suppose -3*w + k*w + 4*u = 24, 4*w = 3*u + 96. What is the tens digit of w?
2
Suppose 6*w + 2 = 4*w, -3*t + 10 = 2*w. Suppose -t*y = -3*y - 47. What is the units digit of y?
7
Suppose 5*j = 1203 + 1107. What is the hundreds digit of j?
4
Suppose -u + 33 = -0. Let x = u + -12. What is the units digit of x?
1
Let z(a) = -a**3 - 6*a**2 - 6*a - 2. Suppose 2*w + 7 = -1. Let i be z(w). Let h = i - -17. What is the units digit of h?
7
Let m = 1087 + -486. What is the tens digit of m?
0
Let z(f) be the third derivative of 11*f**6/120 - f**5/60 + f**4/24 + f**2. Let i be z(1). Let p = -10 + i. What is the units digit of p?
1
Let m = 38 + -33. Suppose 0 = -u - 4*o + 27, -5*u + 181 = m*o + 16. What is the units digit of u?
5
Let d be 0 - (-12)/9*3. Suppose d*p + 3*s = 97, p + 6*s = 3*s + 31. What is the tens digit of p?
2
What is the units digit of (-1*36)/(29/(-290))?
0
Suppose 5*i + 10 = 0, 0 = 5*l + i - 2545 + 42. What is the hundreds digit of l?
5
Let z = 128 + -32. Suppose 5*d - z = 1169. What is the units digit of d?
3
Suppose -10*i = -2*i - 472. Suppose 3*m - 391 = i. What is the units digit of m?
0
Let c(l) = l**3 - 8*l**2 + 13*l - 19. What is the tens digit of c(8)?
8
Suppose -9*m = -8*m + 1. Let r be (-2)/m*(-2)/(-2). Suppose -18 = -r*u + 26. What is the units digit of u?
2
Let c be -24 - (0/(-2) + 4). Let v = 22 + c. What is the units digit of 2/4*2 - v?
7
Suppose 4*c - 18 = c. Suppose -c*d = -d. Suppose d*u + 50 = 2*u. What is the units digit of u?
5
Let z = -135 - -135. Suppose -p + z*p = -1, n - 4*p = 209. What is the units digit of n?
3
Suppose 0 = -5*s + 8822 - 2902. What is the hundreds digit of s?
1
Let k = -1 - -1. Suppose 0*j - j = 5*p - 12, -2*j + p - 9 = k. What is the units digit of 2 + j + 1 + 1?
1
What is the units digit of 470040/(-48)*(-2)/5?
7
Let h(v) = v**3 - 5*v**2 - 4*v - 10. Let f be h(6). Let p = 21 + f. Let a = p + -3. What is the units digit of a?
0
Suppose -4*x - 4*f = 6 + 14, -5*f = 25. Suppose 3*z = -v + 136, -v + x*v = -1. What is the units digit of z?
5
Suppose 2*a - 24 = 4*i, -24 = -2*a - 4*i + 5*i. What is the tens digit of -36*4/a*-5?
6
Let f(g) = -g + 1. Let j(d) be the first derivative of d**2 - 3*d - 7. Let u(i) = 7*f(i) + 2*j(i). What is the tens digit of u(-6)?
1
Suppose 3*t + 467 = 3*s + 4847, -t + 1480 = -5*s. What is the thousands digit of t?
1
Suppose b = 2 + 38. Suppose 5*s - 38 = 3*a, 6*a + b = 5*s + a. What is the units digit of s?
7
Let u = 902 + 3697. What is the hundreds digit of u?
5
What is the tens digit of 3847/5 - (2/5)/1?
6
Suppose 0 = -130*q + 127*q + 567. What is the tens digit of q?
8
Suppose 412 = 2*w + 4*y, 4*w + 0*y = -4*y + 808. Suppose 3*s - f + w = 6*s, 4*f - 272 = -4*s. What is the tens digit of s?
6
Suppose -2500 = -o - 3*o. Suppose -b + o = 220. What is the units digit of -3 - 2/((-10)/b)?
8
Let c = 5 - 4. Let i = 3 - c. Suppose 0 = -0*q + 2*q - i. What is the units digit of q?
1
Let j(p) = p**3 - 3*p**2 + 2. Let b be j(0). Let t = 257 - b. What is the hundreds digit of t?
2
Let q = -138 + 532. What is the units digit of q?
4
Let t(n) = -681*n + 273. What is the tens digit of t(-6)?
5
What is the units digit of (((-12636)/63)/13)/((-4)/182)?
2
Let a(r) = -16*r + 131. What is the units digit of a(-21)?
7
Let p = 25 - 21. Suppose -84 = -p*w - s, 5*s - 19 = -5*w + 101. Suppose -w = -m + 32. What is the tens digit of m?
5
Let v be -1 - (-7)/(7/50). Suppose -o + 250 = -v. What is the units digit of o?
9
Suppose 2*u = 3*k - 123, 0*u - 5*u + 41 = k. Suppose -n + k = -0*n. What is the tens digit of n?
4
Let g(o) = o**3 + 14*o**2 - 9*o - 2. Let p be g(-14). Let x = p - 64. What is the tens digit of x?
6
Suppose 0 = 8*v - 5*v - 2*y - 1348, 0 = -3*v - 3*y + 1353. What is the units digit of v?
0
Let y = 2538 + -857. What is the thousands digit of y?
1
Let g(w) = 25*w**2 + 14*w - 24. What is the tens digit of g(3)?
4
Let f(a) = a**3 + 4*a**2 - 7*a + 58. What is the tens digit of f(6)?
7
Suppose -5*j - 3*c = -9032, 4*j - 10*c + 7*c - 7231 = 0. What is the hundreds digit of j?
8
Let t = 14 - -6. Let s = 25 - t. Suppose w - 2*o = 21, -3*w - s*o = -0*o - 30. What is the tens digit of w?
1
Suppose 18*l = 15*l + 15. Suppose -2*a = -l*k + 3*a + 265, -45 = -k - a. What is the tens digit of k?
4
Suppose 43*m = 24*m - 38. Suppose -7 - 2 = -3*g. What is the units digit of 2085/45 - m/g?
7
Let g = -67 + 67. Suppose -102 = -z - 2*w, 5*w = 3*z - g*z - 328. What is the units digit of z?
6
Suppose 2083 = 3*v - h, 14*h - 18*h - 3467 = -5*v. What is the tens digit of v?
9
Let z(l) = 137*l**2 + 3*l - 3. What is the tens digit of z(2)?
5
Let h(j) = 22*j. Let z be h(4). Suppose -z = -2*i - 0*i. What is the units digit of ((-33)/i)/((-1)/8)?
6
Suppose -b + 546 = 32*t - 30*t, -b - 5*t + 543 = 0. What is the tens digit of b?
4
Suppose -3*f = 4*q + 422, -f = -q + 2*f - 98. Let m be (q/(-28) + -2)*14. Suppose -2*i - 351 = -5*z, -2*z + m + 105 = 3*i. What is the tens digit of z?
6
Let v = -1 + 6. Suppose 3*x - 120 = -j, 305 = 2*j + v*x + 66. What is the units digit of j?
7
Let s(g) = 7*g - g**2 - 6 - g - 5 + 6*g. Let j be s(8). Suppose 3*t - j = -0. What is the units digit of t?
7
Let h be (-4 - 4/2)/(-1). Suppose 2*z = -4*f + 10, 45 = 4*f - h*z + z. Let y = 28 - f. What is the tens digit of y?
2
Let b = -784 - -2819. What is the thousands digit of b?
2
Suppose -64*r + 113960 = 42536. What is the hundreds digit of r?
1
Let n = -9 + 14. Let f(m) be the third derivative of m**4/3 + 17*m**2. What is the units digit of f(n)?
0
Let o(z) = 34*z**2 + 4*z - 3. Suppose -4*k = 3*q - 4, -2*k - q = -1 - 1. Let x be o(k). Suppose 0 = -6*v + 31 + x. What is the units digit of v?
1
What is the hundreds digit of 172 + -172 + (-934)/(-1)?
9
Let b be (-1)/((-345)/(-174) + -2) - 1. Suppose v + 0*v - b = 0. What is the units digit of v?
7
Let m(b) = -b**2 - 9*b + 14. Let s = -30 - -20. Let j be m(s). Suppose 5*u + i - 21 - 43 = 0, -4*i - j = 0. What is the units digit of u?
3
Let o = -43 + 41. What is the units digit of 52/10 - o/(-10)?
5
What is the tens digit of 5280/84 + 2/14?
6
Suppose -38*g - 12230